{"id":13,"date":"2023-12-22T00:10:03","date_gmt":"2023-12-22T00:10:03","guid":{"rendered":"https:\/\/toordata.devwp.com.br\/?page_id=13"},"modified":"2023-12-22T18:56:26","modified_gmt":"2023-12-22T18:56:26","slug":"home","status":"publish","type":"page","link":"https:\/\/toordata.devwp.com.br\/","title":{"rendered":"Home"},"content":{"rendered":"\t\t<div data-elementor-type=\"wp-page\" data-elementor-id=\"13\" class=\"elementor elementor-13\" data-elementor-post-type=\"page\">\n\t\t\t\t\t\t\t\t\t<section class=\"elementor-section elementor-top-section elementor-element elementor-element-ff2db1a elementor-section-boxed elementor-section-height-default elementor-section-height-default\" data-id=\"ff2db1a\" data-element_type=\"section\">\n\t\t\t\t\t\t<div class=\"elementor-container elementor-column-gap-default\">\n\t\t\t\t\t<div class=\"elementor-column elementor-col-100 elementor-top-column elementor-element elementor-element-9171d16\" data-id=\"9171d16\" data-element_type=\"column\">\n\t\t\t<div class=\"elementor-widget-wrap elementor-element-populated\">\n\t\t\t\t\t\t\t\t<section class=\"elementor-section elementor-inner-section elementor-element elementor-element-3dd7334 elementor-section-full_width elementor-section-height-default elementor-section-height-default\" data-id=\"3dd7334\" data-element_type=\"section\">\n\t\t\t\t\t\t<div class=\"elementor-container elementor-column-gap-default\">\n\t\t\t\t\t<div class=\"elementor-column elementor-col-50 elementor-inner-column elementor-element elementor-element-b52f898\" data-id=\"b52f898\" data-element_type=\"column\">\n\t\t\t<div class=\"elementor-widget-wrap elementor-element-populated\">\n\t\t\t\t\t\t\t\t<div class=\"elementor-element elementor-element-a29b8b1 elementor-widget elementor-widget-heading\" data-id=\"a29b8b1\" data-element_type=\"widget\" data-widget_type=\"heading.default\">\n\t\t\t\t<div class=\"elementor-widget-container\">\n\t\t\t<style>\/*! elementor - v3.18.0 - 20-12-2023 *\/\n.elementor-heading-title{padding:0;margin:0;line-height:1}.elementor-widget-heading .elementor-heading-title[class*=elementor-size-]>a{color:inherit;font-size:inherit;line-height:inherit}.elementor-widget-heading .elementor-heading-title.elementor-size-small{font-size:15px}.elementor-widget-heading .elementor-heading-title.elementor-size-medium{font-size:19px}.elementor-widget-heading .elementor-heading-title.elementor-size-large{font-size:29px}.elementor-widget-heading .elementor-heading-title.elementor-size-xl{font-size:39px}.elementor-widget-heading .elementor-heading-title.elementor-size-xxl{font-size:59px}<\/style><h2 class=\"elementor-heading-title elementor-size-default\">Confira nossos artigos<\/h2>\t\t<\/div>\n\t\t\t\t<\/div>\n\t\t\t\t\t<\/div>\n\t\t<\/div>\n\t\t\t\t<div class=\"elementor-column elementor-col-50 elementor-inner-column elementor-element elementor-element-db60de3\" data-id=\"db60de3\" data-element_type=\"column\">\n\t\t\t<div class=\"elementor-widget-wrap elementor-element-populated\">\n\t\t\t\t\t\t\t\t<div class=\"elementor-element elementor-element-ecbc641 elementor-widget elementor-widget-shortcode\" data-id=\"ecbc641\" data-element_type=\"widget\" data-widget_type=\"shortcode.default\">\n\t\t\t\t<div class=\"elementor-widget-container\">\n\t\t\t\t\t<div class=\"elementor-shortcode\">[fe_widget id=\"#\"]<\/div>\n\t\t\t\t<\/div>\n\t\t\t\t<\/div>\n\t\t\t\t\t<\/div>\n\t\t<\/div>\n\t\t\t\t\t\t\t<\/div>\n\t\t<\/section>\n\t\t\t\t<div class=\"elementor-element elementor-element-09038ef elementor-widget elementor-widget-jkit_post_block\" data-id=\"09038ef\" data-element_type=\"widget\" data-widget_type=\"jkit_post_block.default\">\n\t\t\t\t<div class=\"elementor-widget-container\">\n\t\t\t<div  class=\"jeg-elementor-kit jkit-postblock postblock-type-2 jkit-pagination-loadmore post-element jeg_module___69d7bfa4b8443\"  data-id=\"jeg_module___69d7bfa4b8443\" data-settings=\"{&quot;post_type&quot;:&quot;post&quot;,&quot;number_post&quot;:{&quot;unit&quot;:&quot;px&quot;,&quot;size&quot;:9,&quot;sizes&quot;:[]},&quot;post_offset&quot;:0,&quot;unique_content&quot;:&quot;disable&quot;,&quot;include_post&quot;:&quot;&quot;,&quot;exclude_post&quot;:&quot;&quot;,&quot;include_category&quot;:&quot;&quot;,&quot;exclude_category&quot;:&quot;&quot;,&quot;include_author&quot;:&quot;&quot;,&quot;include_tag&quot;:&quot;&quot;,&quot;exclude_tag&quot;:&quot;&quot;,&quot;sort_by&quot;:&quot;latest&quot;,&quot;pagination_mode&quot;:&quot;loadmore&quot;,&quot;pagination_loadmore_text&quot;:&quot;VER MAIS&quot;,&quot;pagination_loading_text&quot;:&quot;Carregando...&quot;,&quot;pagination_number_post&quot;:{&quot;unit&quot;:&quot;px&quot;,&quot;size&quot;:3,&quot;sizes&quot;:[]},&quot;pagination_scroll_limit&quot;:0,&quot;pagination_icon&quot;:{&quot;value&quot;:&quot;&quot;,&quot;library&quot;:&quot;&quot;},&quot;pagination_icon_position&quot;:&quot;before&quot;,&quot;st_category_position&quot;:&quot;center&quot;,&quot;sg_content_postblock_type&quot;:&quot;type-2&quot;,&quot;sg_content_element_order&quot;:&quot;title,excerpt,meta&quot;,&quot;sg_content_breakpoint&quot;:&quot;tablet&quot;,&quot;sg_content_title_html_tag&quot;:&quot;h3&quot;,&quot;sg_content_category_enable&quot;:&quot;yes&quot;,&quot;sg_content_excerpt_enable&quot;:&quot;yes&quot;,&quot;sg_content_excerpt_length&quot;:{&quot;unit&quot;:&quot;px&quot;,&quot;size&quot;:20,&quot;sizes&quot;:[]},&quot;sg_content_excerpt_more&quot;:&quot;...&quot;,&quot;sg_content_readmore_enable&quot;:&quot;yes&quot;,&quot;sg_content_readmore_icon&quot;:{&quot;value&quot;:&quot;fas fa-arrow-right&quot;,&quot;library&quot;:&quot;fa-solid&quot;},&quot;sg_content_readmore_icon_position&quot;:&quot;after&quot;,&quot;sg_content_readmore_text&quot;:&quot;Read More&quot;,&quot;sg_content_comment_enable&quot;:&quot;yes&quot;,&quot;sg_content_comment_icon&quot;:{&quot;value&quot;:&quot;fas fa-comment&quot;,&quot;library&quot;:&quot;fa-solid&quot;},&quot;sg_content_comment_icon_position&quot;:&quot;before&quot;,&quot;sg_content_meta_enable&quot;:&quot;yes&quot;,&quot;sg_content_meta_author_enable&quot;:&quot;yes&quot;,&quot;sg_content_meta_author_by_text&quot;:&quot;Por &quot;,&quot;sg_content_meta_author_icon&quot;:{&quot;value&quot;:&quot;&quot;,&quot;library&quot;:&quot;&quot;},&quot;sg_content_meta_author_icon_position&quot;:&quot;before&quot;,&quot;sg_content_meta_date_enable&quot;:&quot;yes&quot;,&quot;sg_content_meta_date_type&quot;:&quot;published&quot;,&quot;sg_content_meta_date_format&quot;:&quot;default&quot;,&quot;sg_content_meta_date_format_custom&quot;:&quot;F j, Y&quot;,&quot;sg_content_meta_date_icon&quot;:{&quot;value&quot;:&quot;&quot;,&quot;library&quot;:&quot;&quot;},&quot;sg_content_meta_date_icon_position&quot;:&quot;before&quot;,&quot;sg_content_image_size_imagesize_size&quot;:&quot;large&quot;,&quot;paged&quot;:1,&quot;class&quot;:&quot;jkit_post_block&quot;}\"><div class=\"jkit-block-container\"><div class=\"jkit-posts jkit-ajax-flag\">\n            <article class=\"jkit-post post-57 post type-post status-publish format-standard has-post-thumbnail hentry category-geral\">\n                    <div class=\"jkit-thumb\"><a href=\"https:\/\/toordata.devwp.com.br\/index.php\/2023\/12\/22\/do-virtual-ao-real-como-a-realidade-aumentada-transforma-a-experiencia-turistica\/\"><div class=\"thumbnail-container \">\n            <img fetchpriority=\"high\" decoding=\"async\" width=\"800\" height=\"457\" src=\"https:\/\/toordata.devwp.com.br\/wp-content\/uploads\/2023\/12\/26820.jpg\" class=\"attachment-large size-large wp-post-image\" alt=\"\" srcset=\"https:\/\/toordata.devwp.com.br\/wp-content\/uploads\/2023\/12\/26820.jpg 1000w, https:\/\/toordata.devwp.com.br\/wp-content\/uploads\/2023\/12\/26820-300x171.jpg 300w, https:\/\/toordata.devwp.com.br\/wp-content\/uploads\/2023\/12\/26820-768x439.jpg 768w\" sizes=\"(max-width: 800px) 100vw, 800px\" \/>\n        <\/div><\/a><\/div>\n                    <div class=\"jkit-postblock-content\"><div class=\"jkit-post-category \"><span><a href=\"https:\/\/toordata.devwp.com.br\/index.php\/category\/geral\/\" class=\"category-geral\">Geral<\/a><\/span><\/div><h3 class=\"jkit-post-title\">\n\t\t\t\t\t\t\t<a href=\"https:\/\/toordata.devwp.com.br\/index.php\/2023\/12\/22\/do-virtual-ao-real-como-a-realidade-aumentada-transforma-a-experiencia-turistica\/\">Do Virtual ao Real: Como a Realidade Aumentada Transforma a Experi\u00eancia Tur\u00edstica<\/a>\n\t\t\t\t\t\t<\/h3><div class=\"jkit-post-excerpt\"><p>Explorando o impacto da realidade aumentada na narrativa de viagens e nas intera\u00e7\u00f5es do turista com o mundo ao seu...<\/p><\/div><div class=\"jkit-post-meta\"><div class=\"jkit-meta-author icon-position-before\"><span class=\"by\">Por <\/span><a href=\"https:\/\/toordata.devwp.com.br\/index.php\/author\/toorddmta\/\">Toordata<\/a><\/div><div class=\"jkit-meta-date icon-position-before\">dezembro 22, 2023<\/div><\/div><\/div>\n                <\/article><article class=\"jkit-post post-55 post type-post status-publish format-standard has-post-thumbnail hentry category-geral\">\n                    <div class=\"jkit-thumb\"><a href=\"https:\/\/toordata.devwp.com.br\/index.php\/2023\/12\/22\/sustentabilidade-conectada-tecnologia-como-aliada-no-turismo-responsavel\/\"><div class=\"thumbnail-container \">\n            <img decoding=\"async\" width=\"800\" height=\"534\" src=\"https:\/\/toordata.devwp.com.br\/wp-content\/uploads\/2023\/12\/5813.jpg\" class=\"attachment-large size-large wp-post-image\" alt=\"\" srcset=\"https:\/\/toordata.devwp.com.br\/wp-content\/uploads\/2023\/12\/5813.jpg 1000w, https:\/\/toordata.devwp.com.br\/wp-content\/uploads\/2023\/12\/5813-300x200.jpg 300w, https:\/\/toordata.devwp.com.br\/wp-content\/uploads\/2023\/12\/5813-768x512.jpg 768w\" sizes=\"(max-width: 800px) 100vw, 800px\" \/>\n        <\/div><\/a><\/div>\n                    <div class=\"jkit-postblock-content\"><div class=\"jkit-post-category \"><span><a href=\"https:\/\/toordata.devwp.com.br\/index.php\/category\/geral\/\" class=\"category-geral\">Geral<\/a><\/span><\/div><h3 class=\"jkit-post-title\">\n\t\t\t\t\t\t\t<a href=\"https:\/\/toordata.devwp.com.br\/index.php\/2023\/12\/22\/sustentabilidade-conectada-tecnologia-como-aliada-no-turismo-responsavel\/\">Sustentabilidade Conectada: Tecnologia como Aliada no Turismo Respons\u00e1vel<\/a>\n\t\t\t\t\t\t<\/h3><div class=\"jkit-post-excerpt\"><p>Abordando a interse\u00e7\u00e3o entre tecnologia e pr\u00e1ticas sustent\u00e1veis para um turismo mais \u00e9tico e ecologicamente consciente.<\/p><\/div><div class=\"jkit-post-meta\"><div class=\"jkit-meta-author icon-position-before\"><span class=\"by\">Por <\/span><a href=\"https:\/\/toordata.devwp.com.br\/index.php\/author\/toorddmta\/\">Toordata<\/a><\/div><div class=\"jkit-meta-date icon-position-before\">dezembro 22, 2023<\/div><\/div><\/div>\n                <\/article><article class=\"jkit-post post-53 post type-post status-publish format-standard has-post-thumbnail hentry category-geral\">\n                    <div class=\"jkit-thumb\"><a href=\"https:\/\/toordata.devwp.com.br\/index.php\/2023\/12\/22\/alem-do-check-in-a-revolucao-tecnologica-na-experiencia-do-turista\/\"><div class=\"thumbnail-container \">\n            <img decoding=\"async\" width=\"800\" height=\"457\" src=\"https:\/\/toordata.devwp.com.br\/wp-content\/uploads\/2023\/12\/39330.jpg\" class=\"attachment-large size-large wp-post-image\" alt=\"\" srcset=\"https:\/\/toordata.devwp.com.br\/wp-content\/uploads\/2023\/12\/39330.jpg 1000w, https:\/\/toordata.devwp.com.br\/wp-content\/uploads\/2023\/12\/39330-300x171.jpg 300w, https:\/\/toordata.devwp.com.br\/wp-content\/uploads\/2023\/12\/39330-768x439.jpg 768w\" sizes=\"(max-width: 800px) 100vw, 800px\" \/>\n        <\/div><\/a><\/div>\n                    <div class=\"jkit-postblock-content\"><div class=\"jkit-post-category \"><span><a href=\"https:\/\/toordata.devwp.com.br\/index.php\/category\/geral\/\" class=\"category-geral\">Geral<\/a><\/span><\/div><h3 class=\"jkit-post-title\">\n\t\t\t\t\t\t\t<a href=\"https:\/\/toordata.devwp.com.br\/index.php\/2023\/12\/22\/alem-do-check-in-a-revolucao-tecnologica-na-experiencia-do-turista\/\">Al\u00e9m do Check-in: A Revolu\u00e7\u00e3o Tecnol\u00f3gica na Experi\u00eancia do Turista<\/a>\n\t\t\t\t\t\t<\/h3><div class=\"jkit-post-excerpt\"><p>Investigando como a realidade virtual, intelig\u00eancia artificial e personaliza\u00e7\u00e3o moldam novas fronteiras no setor tur\u00edstico.<\/p><\/div><div class=\"jkit-post-meta\"><div class=\"jkit-meta-author icon-position-before\"><span class=\"by\">Por <\/span><a href=\"https:\/\/toordata.devwp.com.br\/index.php\/author\/toorddmta\/\">Toordata<\/a><\/div><div class=\"jkit-meta-date icon-position-before\">dezembro 22, 2023<\/div><\/div><\/div>\n                <\/article><article class=\"jkit-post post-47 post type-post status-publish format-standard has-post-thumbnail hentry category-geral\">\n                    <div class=\"jkit-thumb\"><a href=\"https:\/\/toordata.devwp.com.br\/index.php\/2023\/12\/22\/destino-digital-navegando-pelas-inovacoes-tecnologicas-no-turismo\/\"><div class=\"thumbnail-container \">\n            <img loading=\"lazy\" decoding=\"async\" width=\"800\" height=\"457\" src=\"https:\/\/toordata.devwp.com.br\/wp-content\/uploads\/2023\/12\/93167.jpg\" class=\"attachment-large size-large wp-post-image\" alt=\"\" srcset=\"https:\/\/toordata.devwp.com.br\/wp-content\/uploads\/2023\/12\/93167.jpg 1000w, https:\/\/toordata.devwp.com.br\/wp-content\/uploads\/2023\/12\/93167-300x171.jpg 300w, https:\/\/toordata.devwp.com.br\/wp-content\/uploads\/2023\/12\/93167-768x439.jpg 768w\" sizes=\"(max-width: 800px) 100vw, 800px\" \/>\n        <\/div><\/a><\/div>\n                    <div class=\"jkit-postblock-content\"><div class=\"jkit-post-category \"><span><a href=\"https:\/\/toordata.devwp.com.br\/index.php\/category\/geral\/\" class=\"category-geral\">Geral<\/a><\/span><\/div><h3 class=\"jkit-post-title\">\n\t\t\t\t\t\t\t<a href=\"https:\/\/toordata.devwp.com.br\/index.php\/2023\/12\/22\/destino-digital-navegando-pelas-inovacoes-tecnologicas-no-turismo\/\">Destino Digital: Navegando pelas Inova\u00e7\u00f5es Tecnol\u00f3gicas no Turismo<\/a>\n\t\t\t\t\t\t<\/h3><div class=\"jkit-post-excerpt\"><p>Explorando como a tecnologia redefine a jornada do viajante e transforma a ind\u00fastria tur\u00edstica.<\/p><\/div><div class=\"jkit-post-meta\"><div class=\"jkit-meta-author icon-position-before\"><span class=\"by\">Por <\/span><a href=\"https:\/\/toordata.devwp.com.br\/index.php\/author\/toorddmta\/\">Toordata<\/a><\/div><div class=\"jkit-meta-date icon-position-before\">dezembro 22, 2023<\/div><\/div><\/div>\n                <\/article><article class=\"jkit-post post-10 post type-post status-publish format-standard has-post-thumbnail hentry category-geral\">\n                    <div class=\"jkit-thumb\"><a href=\"https:\/\/toordata.devwp.com.br\/index.php\/2023\/12\/21\/a-transformacao-digital-no-setor-turistico-impactos-e-tendencias-tecnologicas\/\"><div class=\"thumbnail-container \">\n            <img loading=\"lazy\" decoding=\"async\" width=\"800\" height=\"534\" src=\"https:\/\/toordata.devwp.com.br\/wp-content\/uploads\/2023\/12\/2151003710.jpg\" class=\"attachment-large size-large wp-post-image\" alt=\"\" srcset=\"https:\/\/toordata.devwp.com.br\/wp-content\/uploads\/2023\/12\/2151003710.jpg 1000w, https:\/\/toordata.devwp.com.br\/wp-content\/uploads\/2023\/12\/2151003710-300x200.jpg 300w, https:\/\/toordata.devwp.com.br\/wp-content\/uploads\/2023\/12\/2151003710-768x512.jpg 768w\" sizes=\"(max-width: 800px) 100vw, 800px\" \/>\n        <\/div><\/a><\/div>\n                    <div class=\"jkit-postblock-content\"><div class=\"jkit-post-category \"><span><a href=\"https:\/\/toordata.devwp.com.br\/index.php\/category\/geral\/\" class=\"category-geral\">Geral<\/a><\/span><\/div><h3 class=\"jkit-post-title\">\n\t\t\t\t\t\t\t<a href=\"https:\/\/toordata.devwp.com.br\/index.php\/2023\/12\/21\/a-transformacao-digital-no-setor-turistico-impactos-e-tendencias-tecnologicas\/\">A Transforma\u00e7\u00e3o Digital no Setor Tur\u00edstico: Impactos e Tend\u00eancias Tecnol\u00f3gicas<\/a>\n\t\t\t\t\t\t<\/h3><div class=\"jkit-post-excerpt\"><p>O setor tur\u00edstico est\u00e1 passando por uma revolu\u00e7\u00e3o impulsionada pelas inova\u00e7\u00f5es tecnol\u00f3gicas. Este artigo explora o papel crucial da tecnologia...<\/p><\/div><div class=\"jkit-post-meta\"><div class=\"jkit-meta-author icon-position-before\"><span class=\"by\">Por <\/span><a href=\"https:\/\/toordata.devwp.com.br\/index.php\/author\/toorddmta\/\">Toordata<\/a><\/div><div class=\"jkit-meta-date icon-position-before\">dezembro 21, 2023<\/div><\/div><\/div>\n                <\/article>\n        <\/div><\/div><\/div>\t\t<\/div>\n\t\t\t\t<\/div>\n\t\t\t\t\t<\/div>\n\t\t<\/div>\n\t\t\t\t\t\t\t<\/div>\n\t\t<\/section>\n\t\t\t\t\t\t\t<\/div>\n\t\t","protected":false},"excerpt":{"rendered":"<p>Confira nossos artigos [fe_widget id=&#8221;#&#8221;] edit post Geral Do Virtual ao Real: Como a Realidade Aumentada Transforma a Experi\u00eancia Tur\u00edstica Explorando o impacto da realidade aumentada na narrativa de viagens e nas intera\u00e7\u00f5es do turista com o mundo ao seu&#8230; Por Toordatadezembro 22, 2023 edit post Geral Sustentabilidade Conectada: Tecnologia como Aliada no Turismo Respons\u00e1vel [&hellip;]<\/p>\n","protected":false},"author":1,"featured_media":0,"parent":0,"menu_order":0,"comment_status":"closed","ping_status":"closed","template":"elementor_header_footer","meta":{"footnotes":""},"_links":{"self":[{"href":"https:\/\/toordata.devwp.com.br\/index.php\/wp-json\/wp\/v2\/pages\/13"}],"collection":[{"href":"https:\/\/toordata.devwp.com.br\/index.php\/wp-json\/wp\/v2\/pages"}],"about":[{"href":"https:\/\/toordata.devwp.com.br\/index.php\/wp-json\/wp\/v2\/types\/page"}],"author":[{"embeddable":true,"href":"https:\/\/toordata.devwp.com.br\/index.php\/wp-json\/wp\/v2\/users\/1"}],"replies":[{"embeddable":true,"href":"https:\/\/toordata.devwp.com.br\/index.php\/wp-json\/wp\/v2\/comments?post=13"}],"version-history":[{"count":73,"href":"https:\/\/toordata.devwp.com.br\/index.php\/wp-json\/wp\/v2\/pages\/13\/revisions"}],"predecessor-version":[{"id":193,"href":"https:\/\/toordata.devwp.com.br\/index.php\/wp-json\/wp\/v2\/pages\/13\/revisions\/193"}],"wp:attachment":[{"href":"https:\/\/toordata.devwp.com.br\/index.php\/wp-json\/wp\/v2\/media?parent=13"}],"curies":[{"name":"wp","href":"https:\/\/api.w.org\/{rel}","templated":true}]}}